= 11*t - 13908. Let w(x) = -5*x + 6418. Let i(d) = 13*w(d) + 6*z(d). Let k(q) = -q**2 + 7*q + 2. Let s be k(4). Give i(s).
0
Let y(j) = -j. Suppose -26 = d - 0*t + 5*t, -3*d - 3*t - 30 = 0. Let x be ((-12)/8)/(d/(-8)) - -5. Give y(x).
-3
Let d(y) = -8*y - 226. Let s(v) = v - 57. Let t(o) = d(o) - s(o). Give t(-18).
-7
Let n(x) = 8*x**2 - 3*x + 58. Let a(j) = 5*j**2 - 2*j + 29. Let k(g) = -5*a(g) + 3*n(g). Give k(-5).
-1
Let u(n) = -7*n + 10. Let r(s) = 20*s - 32. Let a(i) = -2*r(i) - 7*u(i). Give a(1).
3
Let w(t) be the first derivative of -t**6/45 + t**5/120 - 61*t**3 + 301. Let b(m) be the third derivative of w(m). Calculate b(1).
-7
Let y(l) = -8*l**2 - 4*l - 2. Let z be y(-2). Let v = z + 29. Let o be ((-3)/v)/(3/12). Let s(w) = -4*w - 1. What is s(o)?
15
Suppose 3*m + 529 = 6*m - y, 5*y = -m + 171. Let o = -167 + m. Let a(u) = 2*u - 4. What is a(o)?
14
Let v(x) be the second derivative of 3*x**3 - 21*x**2 + 717*x - 1. Determine v(1).
-24
Let t(y) = 5*y**2 - y - 1. Let g(s) = -s**3 + 13*s**2 + 29*s + 16. Let c be g(15). Let k be t(c). Let o(a) = -5*a - 3. Calculate o(k).
-18
Let j(z) = 7*z**2 + 28*z - 7. Let v(l) = 18*l**2 + 85*l - 21. Let w(c) = 8*j(c) - 3*v(c). Determine w(15).
-8
Let t(k) be the third derivative of -k**5/15 - 5*k**4/24 - k**3/6 + 27*k**2 - 2. Suppose 0 = -3*d - 18 + 6. Calculate t(d).
-45
Let x(c) = 11*c**2 + 7*c - 36. Let w(f) = 11*f**2 + 8*f - 39. Let z(u) = 11*w(u) - 12*x(u). Calculate z(-1).
-12
Let m(d) be the second derivative of 1/60*d**5 + 0 + 0*d**2 + 0*d**3 - 5/4*d**4 + 17*d - 1/720*d**6. Let s(f) be the third derivative of m(f). Determine s(-5).
7
Let b = -3448 + 3441. Let d(i) = -i**3 - 7*i**2 + 7*i + 38. Determine d(b).
-11
Let x(m) be the first derivative of -m**3/3 - 10*m - 6288. Determine x(-6).
-46
Let b(q) be the second derivative of q**5/20 + 53*q**4/12 - 55*q**3/3 + 5*q**2/2 - 40*q. Let p be b(-55). Let d(g) = g**3 - 5*g**2 - 4*g + 3. Determine d(p).
-17
Let t(v) be the third derivative of -v**6/720 + v**5/30 - 11*v**4/24 + v**3/6 - 9*v**2 - 1. Let j(l) be the second derivative of t(l). What is j(-3)?
7
Let v(b) be the second derivative of -b**3/6 - 5*b**2/2 - 2*b - 8. Calculate v(-23).
18
Suppose 27*a = -11375 + 11564. Let i(t) = -3*t**3 - 2 - 4 - 6*t + 2*t**3 + 8*t**2. Calculate i(a).
1
Let g(s) = -209*s - 25. Let j(k) = 50*k + 6. Let t(y) = -3*g(y) - 13*j(y). Calculate t(0).
-3
Let p(t) = -t**3 + 18*t**2 + t - 25. Let n = 6897 + -6879. What is p(n)?
-7
Let i be (-1)/(4/1) + (-7 - 53/(-4)). Let l(h) = -h**3 + 7*h**2 - 4*h - 9. Calculate l(i).
3
Let p = 6631/132 + -548/11. Let s(f) be the third derivative of 6*f**2 - 1/60*f**5 + 7/6*f**3 + 0*f + 0 + p*f**4. Calculate s(10).
7
Let i be 0 + (-1)/2*0/33. Let m = -1 + 6. Let o(k) = k**2 + k - 2*k**3 + k**3 - m + 14. What is o(i)?
9
Suppose 22 - 6 = 4*n - 5*x, 4*n = x + 32. Let f(b) = -8*b**2 - 4 + b**3 + 3*b**2 + n*b**2 - b. Calculate f(-4).
0
Let l(h) be the third derivative of -1/60*h**5 + 1/12*h**4 + 5/6*h**3 + 0 + 0*h - 24*h**2. Give l(4).
-3
Let a(h) = -5*h**2 - 25*h - 35. Let g be a(-2). Let b(z) = 2*z**2 + 3. Determine b(g).
53
Let b(x) be the third derivative of 53*x**4/24 + 5*x**3/6 - x**2 + 129*x. What is b(1)?
58
Let m(l) = -l - 1. Let a be (-60)/((-6 - -7)/2). Let s = 126 + a. Give m(s).
-7
Let x(f) = f**3 + 15*f**2 - 34*f + 16. Let n be x(-17). Let d be -2*6/n*8. Let c(v) = -v + 5 + 3 - 4. What is c(d)?
10
Let z be ((-34)/(-408)*-4)/((-1)/72). Let c(g) = g**3 - 25*g**2 + 25*g - 20. What is c(z)?
4
Let g be (-442)/51*(1 - 4). Let k = -50 + g. Let a be (25/50)/((-2)/k). Let f(z) = 2*z - 6. What is f(a)?
6
Let s(r) = r + 1. Let q be 0 - 2*(-2 - 0). Let m(h) be the first derivative of -h**2/2 - 3*h + 4511. Let n(c) = q*m(c) + 11*s(c). Give n(-4).
-29
Let g(v) = v**2 - 6*v. Let z be g(5). Let k(s) = 758*s**2 + 781*s**2 + 7*s + 8 - 1538*s**2. Calculate k(z).
-2
Suppose 2*r + 7 = r - o, 3*r + o + 17 = 0. Let l be 0 + 7 + 2 + r. Let k(f) = -11*f - 21. Let y(q) = -30*q - 58. Let s(a) = -22*k(a) + 8*y(a). Give s(l).
6
Let o(t) = t + 2. Let s be 126/90 - 3/15*-3. Let u(g) = -g**2 + 13*g + 10. Let p(a) = s*o(a) - u(a). What is p(8)?
-30
Let s(t) = -39*t**2 + 45*t + 40. Let b(w) = 50*w**2 - 60*w - 52. Let z(g) = -7*b(g) - 9*s(g). What is z(-15)?
4
Let b(s) = 11*s**3 - 24*s**2 + 19*s - 14. Let g(h) = -30*h**3 + 69*h**2 - 55*h + 41. Let o(t) = 11*b(t) + 4*g(t). What is o(-13)?
-16
Let i be 34/3 + (-2)/6. Suppose 17*f - 48 = i*f. Let m(y) be the second derivative of -y**3/6 + 4*y**2 - 3*y. What is m(f)?
0
Let p(l) = -5*l**2 + 8*l - 11. Let o(z) = -62*z**2 + 97*z - 133. Let s(u) = -2*o(u) + 25*p(u). Suppose -5*r - 2*x + 20 = 0, -2*x + 5*x = -15. Calculate s(r).
-9
Let z(i) be the second derivative of -i**4/12 - 3*i**3/2 + 21*i**2/2 - 935*i. Give z(-10).
11
Suppose 0 = -0*p + 10*p - 110. Let t be 1*(2 - 8) + p. Let y(g) = -2 + 2*g + 2 + 5. What is y(t)?
15
Let m(l) = 3*l - 753 - l**2 + 754 - l. Let k be -1*0/(4 - 0). Suppose k = -2*b + z + 4 + 1, 2*z + 4 = 2*b. What is m(b)?
-2
Suppose -5*t + 29 = -p, -25*t - 37 = -5*p - 26*t. Let g(b) = -b**3 + 10*b**2 - 21*b + 3. What is g(p)?
21
Let z = 64 + -92. Let r = z - -33. Let q(y) = -3*y - r*y + 5 + 6*y**2 - 10*y**2 + 5*y**2. What is q(6)?
-7
Suppose 0 = -5*w + 2*b + 36, -7*w + 10*w + b - 26 = 0. Let p(i) = -27*i + 3. Let u(d) = 43*d - 5. Let q(a) = w*p(a) + 5*u(a). Calculate q(-6).
5
Let t(m) = 12*m - 1. Let b be t(2). Suppose -19 = -6*y + b. Suppose 4*n - y*n = -24. Let x(w) = w**3 - 8*w**2 + w - 8. Calculate x(n).
0
Let x(p) = 4*p**2 + 6*p + 7. Suppose 165 = -41*z + 124. Give x(z).
5
Let m(x) = -x**2 + x. Let z be 2*(3 + -4)*-1. Let r be 8 - (3 + -2 + -3) - z. Suppose -p = p - r. Give m(p).
-12
Let y(p) = -p**2 - 10*p - 9. Let n(w) = 13*w - 96. Let j be n(7). Let k be (-1)/(j*(-5)/150). Calculate y(k).
15
Let j(i) = -i + 10. Let k be j(6). Let b(x) be the second derivative of -x**5/20 + x**4/4 + x**3/3 - x**2 - 1369*x + 2. Calculate b(k).
-10
Let b(k) = -2*k**3 - 60*k**2 + 62*k + 2. Let w be b(-31). Let c(h) = -8 + 13 + 9 - w*h - 12. Suppose 5*a + 3*v + 0*v = 6, -9 = a + 4*v. Calculate c(a).
-4
Let w(k) = -2*k**3 + 56*k**2 - 160*k + 25. Let h(s) = s**3 - 27*s**2 + 79*s - 12. Let o(d) = -9*h(d) - 4*w(d). Give o(14).
-6
Suppose 4*w - 8 = 4. Let t(s) = -5 + 4*s + 11 - w*s + 7. Let n = -7771 + 7762. Determine t(n).
4
Suppose 0 = -3*a + 2*s, -1 = -a - 2*s + 7. Let x(b) be the second derivative of -13*b - 1/20*b**5 - 1/2*b**4 - 3*b**a + 0 + 5/6*b**3. Give x(-7).
8
Let a(m) = -29*m**2 - 79*m - 27*m + 52*m**2 - 3 + m**3 - 24 + 27*m. What is a(-26)?
-1
Let n be 1*4/(-36) + 2490/54. Let s = n + -43. Let h(p) = 2*p**3 - 2*p**2 - 5*p + 4. Calculate h(s).
25
Suppose -4*z = 4*w, -2*w - 2 = -w + 2*z. Suppose 2*b + 6 = 4*u + u, 0 = -4*b + w*u + 20. Let s(a) = -4 + 9*a**3 - a + 5*a**3 + 12 - b. Determine s(1).
14
Let y(a) = 148*a - 4140. Let z be y(28). Let b(k) = -2 - 4*k - k + 2*k**2 + 0. Determine b(z).
10
Let m(w) = w**2 - 12*w + 11. Let z(a) = -a**3 + 13*a**2 - 24*a + 32. Let n be 1/1 + (-170)/(-17). Let o be z(n). What is m(o)?
-9
Let w = 243 - 235. Let x(j) = -j**3 + 10*j**2 - 9*j + 5. What is x(w)?
61
Let r(i) = 13*i**3 - 7*i**2 + 11. Let z(k) = 8*k**3 - 5*k**2 + 6. Let y(p) = 3*r(p) - 5*z(p). Determine y(4).
3
Let y(q) = -q**2 + q - 1. Let z(m) = -m**3 - 2*m**2 + 2*m - 1. Let n(x) = 3*y(x) + z(x). Suppose 81 - 33 = 2*c. Let p be (-54)/c*48/18. Calculate n(p).
2
Let t(w) be the first derivative of w**3/3 + 21*w**2/2 - 74*w - 1570. Determine t(-26).
56
Let k(u) = 47*u - 57. Let d(t) = 20*t - 26. Let y(q) = 7*d(q) - 3*k(q). Let n be 44/(-6)*6/(-4). Give y(n).
-22
Let w(z) = z**2 - 1. Let n = 15 - -7. Let y = n + -36. Let x = y - -12. Determine w(x).
3
Suppose -4483*u + 4421*u - 310 = 0. Let m(k) = k**2 + 2*k + 6. Let a(s) = 2*s**2 + 3*s + 13. Let p(z) = -3*a(z) + 7*m(z). Give p(u).
3
Let v(s) = -s**2 + 20*s - 24. Let t be v(16). Suppose -3*o - 5*o = -t. Let k(b) be the second derivative of -b**5/20 + b**4/3 + b**3 + b**2/2 + 4*b. Give k(o).
6
Let j(o) = -o**3 + 9*o**2 - 7*o - 4. Let l be j(8). Let z(f) = 17*f - l*f - 7 - 12*f. Suppose -4*v = 5*y + 33 + 4, 5*v = -2*y - 42. Calculate z(v).
-15
Let a(k) = -k**3 + 4*k**2 - 40*k + 158. Suppose 0 = -3*n - 96*x + 92*x + 12, 3*x + 8 = 2*n. Give a(n).
-2
Let a(q) = 32*q + 39.